(-4)/(-6). Calculate the greatest common divisor of 28 and x.
7
Let a(r) = 5*r**2 + 2*r + 1. Let x be a(-1). Suppose 0 = x*c - 0*c - 240. Calculate the highest common factor of 12 and c.
12
Let q(c) = -c**3 + 5*c**2 + 5*c + 6. Let n be q(6). Suppose n = -z + 6*z + 15. Let y(w) = -13*w. Let k be y(z). What is the greatest common divisor of 26 and k?
13
Let y = 8 - -19. Let w = 174 + 69. Calculate the greatest common divisor of w and y.
27
Let h(y) = y**3 - 7*y**2 + 8*y - 9. Let g be h(6). Suppose 17*m = 42*m - 25. Calculate the highest common divisor of g and m.
1
Suppose -g + 148 - 27 = 0. Let n(a) = -a**2 + 6*a + 4. Let f be n(9). Let b = f + 34. What is the greatest common divisor of b and g?
11
Suppose 0 = 3*h - 0*h. Let x be (2 + -3)*-1 - h. What is the greatest common divisor of x and 10?
1
Suppose -6*o + 3*o = -12. Suppose -2*r = 4, -o*r = -2*n - 0*r - 28. Let v be (1/(-1) - n) + 0. What is the greatest common factor of v and 136?
17
Suppose 3*j - 2*n = 147, -5*n + 66 = -8*j + 9*j. Calculate the highest common divisor of j and 408.
51
Suppose -4 = z - 14. Let a be 15/z*(-32)/(-3). Calculate the greatest common factor of a and 4.
4
Suppose -2*l - 25 = -2*u - l, 29 = 4*u + 5*l. Suppose -99 = -t - 0*t - 3*n, 0 = -3*t + 5*n + 297. What is the highest common factor of u and t?
11
Let t = -36 - -68. What is the highest common divisor of t and 4?
4
Suppose 2*k + m = 16, -11 - 21 = -4*k - 3*m. Suppose k = -5*r + 68. Suppose 2*c = c + 3. What is the highest common divisor of c and r?
3
Suppose -35 - 37 = -2*u. Suppose 10 = 5*q - 20. What is the highest common divisor of u and q?
6
Let h be (0 + 15)/3 - -3. Suppose -q = -0*q - h. What is the greatest common factor of 8 and q?
8
Let y be (14/5)/(4/20). Suppose -50 = -4*f + y. Suppose 0 = -3*s - s + 256. What is the greatest common factor of f and s?
16
Let t = 0 + 1. Suppose 0*m - 2*m + 4*n = -14, 16 = 4*m + 4*n. Calculate the greatest common divisor of m and t.
1
Let a(p) = 9*p**3 - p**2. Let l be a(1). Suppose -l = -4*i + 8. Calculate the greatest common factor of 20 and i.
4
Suppose -100 = -4*w + 2*w. Let o = -26 + w. Let i(j) = j**3 - 8*j**2 + 8. Let n be i(8). Calculate the highest common factor of n and o.
8
Let t be 13/39 - 196/(-6). Suppose -5*w = -3*g + 20, -3*w + 28 = -6*w + 5*g. Let s = 21 - w. What is the greatest common factor of s and t?
11
Let u be 2/(4 + -3 + 1). Suppose -3*d - 10 = -5*d. Suppose -u + d = 4*h. Calculate the highest common factor of 5 and h.
1
Suppose 4*d + 0 = 4. Let v be (-9)/4 + (-1)/(-4). Let k be (2/2)/(v/(-6)). Calculate the greatest common divisor of k and d.
1
Suppose -1116 - 336 = -2*j. Suppose m - j = -2*m. Calculate the greatest common factor of m and 22.
22
Suppose -g - 9 + 3 = 3*x, -3*g = x - 6. Calculate the highest common divisor of g and 15.
3
Let p(i) = 20*i - 2. Let j be 4*-2*2/(-16). Let k be p(j). Calculate the greatest common divisor of k and 9.
9
Let u(j) = -j**2 + 21*j - 20. Let r be u(9). Calculate the highest common factor of 22 and r.
22
Suppose -2*g + 12 = g. Let a = -62 + 106. What is the highest common factor of g and a?
4
Let r(u) = -u**2 + 6*u - 3. Let f be r(5). Suppose -f*l = -3*l + 26. Let d = 3 - -62. What is the greatest common factor of d and l?
13
Let w(u) = u + 10. Let o be w(-5). Calculate the highest common divisor of 15 and o.
5
Let b be -1*((3 - 3) + -3). Let q be 27/4 + (-1)/(-4). Suppose -b - q = -5*g + 5*p, -2*g - 2*p = -12. What is the highest common factor of g and 44?
4
Let w = 91 - 47. Let f(k) be the third derivative of k**4/12 + k**3/2 - 4*k**2. Let l be f(4). Calculate the greatest common divisor of w and l.
11
Suppose -2*f - 10 = -4*f, -5*f + 75 = 5*c. Let n = 30 + -10. What is the greatest common factor of n and c?
10
Let l(p) = p**3 + 7*p**2 - 2*p - 2. Let y be l(-7). Suppose 3*k + 41 - 77 = 0. Calculate the highest common factor of y and k.
12
Let p = 119 - 84. Let n = -45 + 108. Let s be (1/3)/(3/n). Calculate the highest common divisor of s and p.
7
Let v(p) = -p**2 + 4*p + 1. Let i be v(4). Let g = 15 + i. Suppose -4*k + 93 = -99. Calculate the highest common divisor of g and k.
16
Let v(a) = -a**2 + 3*a + 4. Let g be v(4). Suppose g = m - 15 - 7. Calculate the greatest common divisor of 33 and m.
11
Suppose j = -3*j + 96. Suppose u = -4*i + j, 3*u + 3*i + 2*i = 44. What is the greatest common divisor of 2 and u?
2
Suppose q = -4*z + 4*q + 14, z - 7 = -q. What is the highest common factor of 5 and z?
5
Let r = 3 - 4. Let s = r - -4. Let d be (30/(-45))/(4/(-18)). Calculate the greatest common divisor of d and s.
3
Let l be (-5)/(-2)*24/5. Calculate the greatest common divisor of l and 24.
12
Let k = -58 - -94. Calculate the greatest common divisor of k and 4.
4
Let d be 16 - (4/(-4) + 2). Calculate the highest common factor of d and 165.
15
Suppose 0 = -10*a + 5*a + 4*c - 5, 0 = -c + 5. Suppose -d + a*d = 88. Calculate the highest common factor of d and 66.
22
Let p be (-38)/(-1)*(-8 - -9). Let t be 1*p*(2 - 3). Let x = -20 - t. Calculate the highest common divisor of x and 6.
6
Suppose -3*n - 324 = -3*l, -8*l - 2*n = -4*l - 444. Suppose 5*m = m. Suppose m = -2*g + 27 - 7. Calculate the highest common divisor of g and l.
10
Let g(i) = -i**3 - 8*i**2 + 10*i + 11. Let h be g(-11). Let w = -50 - -74. What is the highest common divisor of h and w?
24
Let l be 2/(-3) - (-34)/6. Let p = 46 - 6. What is the greatest common divisor of l and p?
5
Let t(c) = -6*c + 1. Let w be t(-1). Let q be (-3 - -1) + w + -1. What is the greatest common factor of 4 and q?
4
Let y be -3 + (-22)/(-2) + -3. Suppose 7*u - 40 = 3*u. Calculate the greatest common factor of u and y.
5
Let t(m) = 2*m**2 - 36*m + 21. Let l be t(18). What is the highest common factor of 14 and l?
7
Suppose 2*o - 5*m = 28, 0 = 4*o + 3*m - 5*m - 40. What is the greatest common divisor of o and 3?
3
Let t = 3 - 0. Calculate the greatest common divisor of t and 1.
1
Let v = -4 + 3. Let s be 1*v*(-1 - 1). Calculate the greatest common factor of s and 18.
2
Let i be 5*((0 - -1) + 0). Suppose 0 = i*g - 5*c - 55, g + 2*g = -c + 33. What is the greatest common factor of g and 121?
11
Let s(c) = -c**2 + 6. Suppose 5*y - x - 8 = -3, 0 = 4*y + 4*x + 20. Let b be s(y). What is the greatest common divisor of b and 2?
2
Suppose h = 5*h + m - 55, -2*h + 5*m = -11. What is the highest common divisor of h and 143?
13
Let d(p) = -p**2 - 21*p - 24. Let x be d(-17). What is the highest common divisor of x and 4?
4
Let p be 2*(7/2 + -1). Suppose z - 23 = -z + 5*n, 2*z = -p*n + 13. Calculate the highest common factor of 6 and z.
3
Suppose 9 = -17*i + 20*i. Calculate the greatest common divisor of i and 27.
3
Let i(f) = -f**3 + 9*f**2 + f - 3. Let l be i(9). Let q = -150 + 213. Let u be 2/(-10) + q/15. What is the highest common divisor of u and l?
2
Suppose 2*n + 0 = 24. Let t = n - 1. Suppose 3*s - 21 = -4*u, -5*s + 0 + t = 4*u. What is the highest common divisor of 99 and u?
9
Suppose 4*d + 2*t + 2*t + 12 = 0, 4*d + 2*t + 12 = 0. Let z = d - -6. Suppose 52 = 5*k + l, 4*k = z*k + l + 8. Calculate the highest common factor of 80 and k.
10
Let f = 101 + -99. What is the greatest common factor of 62 and f?
2
Let p be 131/7 - ((-24)/(-28))/(-3). What is the greatest common factor of 19 and p?
19
Suppose 0*w = 5*w - 280. Suppose 1 = -t + 8. Calculate the greatest common divisor of t and w.
7
Let s(b) = 10*b - 38. Let q be s(5). What is the highest common factor of q and 48?
12
Suppose 2*r = -4*m + 88, -99 = -3*r - 5*m + 37. What is the highest common divisor of 130 and r?
26
Let y = -17 - -53. Calculate the highest common factor of y and 54.
18
Let t be 15/6*24*2/6. Calculate the greatest common divisor of 20 and t.
20
Let m be 353/4 + (-2)/8. Suppose 2*z + z = 66. Calculate the greatest common factor of m and z.
22
Suppose -3*v = -2*k + v + 60, 50 = 3*k + 4*v. Suppose -5*h + y = -168, 2*h - 3*y - 25 - 50 = 0. What is the greatest common factor of h and k?
11
Let h(j) = j**3 - 4*j + 3. Let s be h(2). Calculate the highest common factor of 21 and s.
3
Suppose 19*d - 21*d + 2*f + 528 = 0, -2*d = -f - 528. Calculate the greatest common factor of d and 24.
24
Let s = 0 + 3. Suppose 0*j = -j + 5*c + 29, 3*c - 6 = -2*j. What is the highest common divisor of s and j?
3
Suppose -5*t - 2*